uppose x = i + i + p + 1, 0 = -p - 5. Suppose 2 = i*u + 6, 5*u = 5*o - 35. What are the prime factors of o?
5
Let g be 46/(5 + -1 + -3). Let r = g + -30. What are the prime factors of r?
2
Let q be -2 + -5 + 4 + -2. Let y = q - -17. What are the prime factors of y?
2, 3
Suppose -j - 4*f - 17 = 0, j + 5*f = -29 + 8. Let l = 34 - 27. Let d = j + l. What are the prime factors of d?
2, 3
What are the prime factors of 2*10*3*(-44)/(-24)?
2, 5, 11
List the prime factors of (-51)/4*56/(-21).
2, 17
Suppose -2*h + 5 = f - 2, -5*f = 4*h - 29. Suppose -2*c + 11 = 4*b + 3*c, -55 = -f*b + 2*c. List the prime factors of b.
3
Let a(l) = l**2 - 1 + l + 3 - 1. Let i be a(5). Let s = -19 + i. What are the prime factors of s?
2, 3
Let q(t) be the third derivative of t**5/15 + t**3/6 - 2*t**2. Let n be q(1). Suppose 13 = n*h - 32. What are the prime factors of h?
3
Suppose 3*z - f = 108, -5*z + 173 = -3*f - f. List the prime factors of z.
37
Let f be (-2)/4 + 27/6. Suppose f*r = 5*s - 158, 2*s + 0*r - 54 = -3*r. List the prime factors of s.
2, 3, 5
Suppose 4*v = -y + 16, 4*v = 3*y + 10 + 6. Let l(m) = -3*m + 4. Let i be l(v). List the prime factors of i/28 + (-158)/(-14).
11
Let s(n) be the first derivative of -n**3/3 - 3*n**2 + 7*n + 3. List the prime factors of s(-5).
2, 3
Let k be (-1)/2 - 1338/12. Let h = -63 - k. List the prime factors of h.
7
Let k(s) be the first derivative of s**3/3 + 3*s + 1. What are the prime factors of k(6)?
3, 13
What are the prime factors of 6/(-21) + (-8442)/(-49)?
2, 43
Let k = 34 + -19. What are the prime factors of 15/(-20) + k/4?
3
Let k(z) be the second derivative of z**5/20 - z**4/4 - 5*z**3/6 + z**2/2 + 3*z. Let v be k(4). List the prime factors of (-1)/2*(v - 1).
2
Suppose 0 = -3*j - 0*j + 96. What are the prime factors of j?
2
Let o(z) = z**2 + 3*z + 3. Suppose 0*f + 3*f - 12 = 0. What are the prime factors of o(f)?
31
Let t(d) = d**2 + 8*d + 5. Suppose 3*b - 2*g = -11, 2*b - 3*g + 3 = -6*g. Let w = b - 5. List the prime factors of t(w).
5
Let n = 3 + -2. Let f(j) = 2*j + 3. Let k(t) = 2*t + 4. Let w(i) = 4*f(i) - 3*k(i). What are the prime factors of w(n)?
2
Let i(f) = 3*f**2 + 33*f - 10. List the prime factors of i(-16).
2, 5, 23
Suppose 2*r + t - 28 = 0, 5*t + 13 - 3 = 0. Suppose 20 + r = 3*f - o, 3*f + 2*o - 20 = 0. List the prime factors of f.
2, 5
Suppose 0 = -2*m + 16 - 8. Let h be (-33)/4 - 2/(-8). List the prime factors of m/(h/(-26)) + -3.
2, 5
Suppose 10*u - 5*u - 15 = 0. List the prime factors of u.
3
Let c = 70 - 27. List the prime factors of c.
43
Suppose u = 5*x - 29, 3*u + 16 = 5*x - 21. What are the prime factors of x?
5
Suppose -250 = -p - 4*z, 5*p - 1075 = p - z. List the prime factors of p.
2, 3, 5
Let h = -2 + -3. Let z = 8 + h. Suppose z*d - 6*d = -18. What are the prime factors of d?
2, 3
Suppose -5*l + 2*g = -1360, -5*g + 3*g = 0. What are the prime factors of l?
2, 17
Let x be (18*21)/2 + 0. List the prime factors of ((-4)/6)/((-9)/x).
2, 7
Suppose -o + 72 = -12. Suppose -2*y + 5*z + 23 = 0, 5*y = 4*z + o + 16. Suppose -4*r + y = 4. List the prime factors of r.
5
Suppose 8*k - 6*k = 214. List the prime factors of k.
107
Let v(d) = d**2 - 5*d + 25. List the prime factors of v(12).
109
Let c = -69 - -121. What are the prime factors of c?
2, 13
List the prime factors of (2/4)/(4/584).
73
Let n = 8 + -8. Suppose f = -n*f + 5. What are the prime factors of f?
5
Suppose 2*s + 31 - 119 = 0. Suppose 2*m + 2*p = -0*p + 28, -4*m + 2*p + s = 0. What are the prime factors of m?
2, 3
Suppose 12 = 2*j + 2. Suppose 33 = j*n - 3*a - 7, 3*n = a + 20. List the prime factors of n.
5
Suppose 0 = 5*o - 14 - 16. Let j(c) = 3*c**2 + 2*c + 1. Let w be j(-1). Suppose -w*h + o*h - 40 = 0. List the prime factors of h.
2, 5
Let u(d) = d**3 + 17*d**2 + 9*d - 31. What are the prime factors of u(-16)?
3
Let z = 20 - 14. Let m be (38/z)/(2/6). Suppose 0 = -5*s - 3*x - x + m, 18 = 5*s + 3*x. What are the prime factors of s?
3
Suppose -4*b - 8*b + 3348 = 0. What are the prime factors of b?
3, 31
Suppose 5*y = -20, 0 = 2*g - 5*y - 0*y - 254. List the prime factors of g.
3, 13
Let x = 65 + -30. Let v = -4 + x. What are the prime factors of v?
31
Let t(b) be the first derivative of -11*b**2/2 - 1. Let u = -1 - 0. List the prime factors of t(u).
11
Suppose 2*p - 75 = p. What are the prime factors of p?
3, 5
Suppose -3*f + 291 = 5*s + f, 4*s = 5*f + 241. List the prime factors of s.
59
Let f = 173 + -88. List the prime factors of f.
5, 17
Let g = 54 + -24. What are the prime factors of g?
2, 3, 5
Let c(b) = b**3 + 7*b**2 + 5. Let z = 11 - 18. Let r be c(z). What are the prime factors of (-4)/(8/r + -2)?
2, 5
List the prime factors of 190/3 + (-3 - (-8)/3).
3, 7
Suppose 4*o = -5*a + 783, -3*o + 327 + 141 = 3*a. List the prime factors of a.
3, 53
Suppose -5*c + 4*m = 5*m - 195, -4*c - 5*m = -135. Let j = -23 + c. What are the prime factors of j?
17
Let r(q) = 2*q - 6. Let m be (-1)/((-69)/33 + 2). Let h = -7 + m. List the prime factors of r(h).
2
Let b(y) = 4*y. Let o = 1 + 1. List the prime factors of b(o).
2
Let y = 19 + 62. What are the prime factors of y?
3
Let h = -30 - -165. What are the prime factors of h?
3, 5
Let a(v) = -v**2 - 6*v + 8. Let n be 7 + (-1)/((-2)/(-4)). Suppose i = -n - 1. What are the prime factors of a(i)?
2
Suppose c - q = 1 - 0, -2*q + 4 = c. Suppose -9 + 25 = c*p. List the prime factors of p.
2
Let n(b) = 10*b + 2. Let i(m) = 4*m**3 - 2*m**2 + 2*m - 1. Let r be i(1). What are the prime factors of n(r)?
2
What are the prime factors of (27 + 2)*(2 - 1)?
29
Suppose 3 = 3*j, -4*l = l - 5*j - 1230. List the prime factors of l.
13, 19
Let a(q) = -5*q**2 - 9*q - 12. Let b(r) = r**2 + 1. Let m(t) = a(t) + 4*b(t). List the prime factors of m(-6).
2, 5
Let a = 3 + 2. Suppose -a*f - 208 = -10*f - 4*c, 0 = f + 3*c - 46. What are the prime factors of f?
2, 5
Let g(r) = 10*r - 2. Let o be g(3). Let q = 63 - o. List the prime factors of q/(-10)*(-4)/7.
2
Suppose 5*s = 4*s. Let m = 4 + s. List the prime factors of m.
2
Let f(t) = -14*t - 2. List the prime factors of f(-1).
2, 3
Suppose 3*n = 1 + 2, -4*n = 3*m - 13. Suppose -5*t = -m*t - 70. Suppose 4*h - 95 = -t. What are the prime factors of h?
3, 5
Suppose 2*g + 6*g - 1136 = 0. What are the prime factors of g?
2, 71
Let j(r) = -2*r. Let m be (-2)/2*(-2 + 1). Let v be j(m). List the prime factors of v/4 + (-11)/(-2).
5
Let j be (1 + 3)/((-1)/3). Let y be 4/j - 32/(-6). Let n = 8 - y. List the prime factors of n.
3
Let p = 5 - 6. Let u = 5 + p. Suppose 3*j = j + u. List the prime factors of j.
2
Suppose 5*d = q + 22 + 13, -2*q - d - 26 = 0. Let c(z) = z**2 + 9*z + 10. Let w be c(-5). Let h = w - q. What are the prime factors of h?
5
Let l(j) = j**3 - 13*j**2 - 28*j - 12. What are the prime factors of l(15)?
2, 3
Let g = 10 - 12. What are the prime factors of (-76)/g - (-4 - -1)?
41
Let d = -29 - -18. Let m be -5 + (-1 + 1)/1. Let g = m - d. List the prime factors of g.
2, 3
What are the prime factors of 1168/(-2)*((-26)/(-4))/(-13)?
2, 73
Suppose 5*d - 1 - 18 = -2*u, -2*d = -2*u - 2. Suppose -d*r + 5*r - 40 = 0. List the prime factors of r.
2, 5
Let o(d) = -4*d + 13. Let k(t) = 5 - 4 + 0 - t. Let v(s) = -3*k(s) + o(s). What are the prime factors of v(0)?
2, 5
Let z = 414 + -153. What are the prime factors of z?
3, 29
Suppose 4*p = -0*g + g + 3, 5*p - 2*g = 6. What are the prime factors of p/2 + 15 + 1?
2
Let r(l) = -2*l - 4. Suppose 2*t + 4*a + 10 = a, 2*a = 0. Let s be r(t). What are the prime factors of 4/3*s/4?
2
Let l(w) = w**2 + 12*w - 6. Let p be l(-9). Let v = 84 + p. List the prime factors of v.
3, 17
Let d be (-10)/(-2) - (-1 + -1) - 3. Let w(c) = c + 2. Let y be w(0). Let h = d - y. List the prime factors of h.
2
Suppose 4*f - 1 - 7 = 0. Suppose -f*n = u + u - 6, 3*n - u - 9 = 0. List the prime factors of n.
3
Suppose 5*z + 3*j = 1558, -j = -2*z - 6*j + 627. What are the prime factors of z?
311
Let x(w) = -w + 15. Let q(z) = -2*z + 3. Let u be q(-3). List the prime factors of x(u).
2, 3
Suppose 0 = n - 10 + 61. Let b = 88 + n. Suppose -2*v + 13 = -j + 2*j, -4*j = 5*v - b. List the prime factors of v.
5
Suppose -1 = j - 6. Let z(h) = h**3 - 5*h**2 - 4*h + 7. Let v be z(j). List the prime factors of 1/((-1)/v) - -1.
2, 7
Let l = 27 + -15. Let s = l - 0. List the p